
{"id":3191,"date":"2019-02-07T11:29:43","date_gmt":"2019-02-07T10:29:43","guid":{"rendered":"https:\/\/laiteriedebelfaux.ch\/produit\/der-chevre-de-grandvillard\/"},"modified":"2023-03-11T11:20:48","modified_gmt":"2023-03-11T10:20:48","slug":"der-chevre-de-grandvillard","status":"publish","type":"product","link":"https:\/\/shop.laiteriedebelfaux.ch\/de\/produit\/der-chevre-de-grandvillard\/","title":{"rendered":"Der &#8220;Ch\u00e8vre de Grandvillard&#8221;"},"content":{"rendered":"<p>Der &#8220;Ch\u00e8vre de Grandvillard&#8221; wird in der Region Intyamon, in Gruy\u00e8re, produziert.<\/p>\n<p>Dieser halbharte K\u00e4se wird aus thermisierter Milch hergestellt.<\/p>\n<p>Sein Geschmack ist dezent.<\/p>\n","protected":false},"excerpt":{"rendered":"<p>Im Offenverkauf<\/p>\n<p><span class=\"prix-kg\">CHF 4.90 \/ 100 g<\/span><\/p>\n<p>Intyamon, in Gruy\u00e8re.<\/p>\n<p>Feines, dezentes Aroma.<\/p>\n","protected":false},"featured_media":2725,"template":"","meta":[],"product_brand":[],"product_cat":[171,167],"product_tag":[176,174,181],"class_list":{"0":"post-3191","1":"product","2":"type-product","3":"status-publish","4":"has-post-thumbnail","6":"product_cat-halbhartkasesorten","7":"product_cat-schweizer-kase","8":"product_tag-halbhart","9":"product_tag-schweiz","10":"product_tag-thermisiert","11":"product_shipping_class-forfaitaire-de","13":"first","14":"outofstock","15":"shipping-taxable","16":"purchasable","17":"product-type-variable"},"_links":{"self":[{"href":"https:\/\/shop.laiteriedebelfaux.ch\/de\/wp-json\/wp\/v2\/product\/3191","targetHints":{"allow":["GET"]}}],"collection":[{"href":"https:\/\/shop.laiteriedebelfaux.ch\/de\/wp-json\/wp\/v2\/product"}],"about":[{"href":"https:\/\/shop.laiteriedebelfaux.ch\/de\/wp-json\/wp\/v2\/types\/product"}],"wp:featuredmedia":[{"embeddable":true,"href":"https:\/\/shop.laiteriedebelfaux.ch\/de\/wp-json\/wp\/v2\/media\/2725"}],"wp:attachment":[{"href":"https:\/\/shop.laiteriedebelfaux.ch\/de\/wp-json\/wp\/v2\/media?parent=3191"}],"wp:term":[{"taxonomy":"product_brand","embeddable":true,"href":"https:\/\/shop.laiteriedebelfaux.ch\/de\/wp-json\/wp\/v2\/product_brand?post=3191"},{"taxonomy":"product_cat","embeddable":true,"href":"https:\/\/shop.laiteriedebelfaux.ch\/de\/wp-json\/wp\/v2\/product_cat?post=3191"},{"taxonomy":"product_tag","embeddable":true,"href":"https:\/\/shop.laiteriedebelfaux.ch\/de\/wp-json\/wp\/v2\/product_tag?post=3191"}],"curies":[{"name":"wp","href":"https:\/\/api.w.org\/{rel}","templated":true}]}}

Der &#8220;Chèvre de Grandvillard&#8221;

<p>Der &#8220;Chèvre de Grandvillard&#8221; wird in der Region Intyamon, in Gruyère, produziert.</p>
<p>Dieser halbharte Käse wird aus thermisierter Milch hergestellt.</p>
<p>Sein Geschmack ist dezent.</p>

<p>Im Offenverkauf</p>
<p><span class="prix-kg">CHF 4.90 / 100 g</span></p>
<p>Intyamon, in Gruyère.</p>
<p>Feines, dezentes Aroma.</p>
